 l(-6). Calculate the highest common divisor of o and 8596.
14
Suppose 3*y - 897 = -5*i, -3*y + 122 = 4*i - 598. Suppose 5*l - i = 18. What is the highest common divisor of l and 3?
3
Let t = -4425 + 4877. What is the highest common factor of t and 113?
113
Suppose 107*i - 61*i = 74*i - 3780. Calculate the greatest common factor of 135 and i.
135
Let a(x) be the first derivative of -65*x**2 - 45*x + 34. Let o be a(-2). Calculate the greatest common divisor of 129 and o.
43
Let r(k) be the second derivative of 5*k**4/12 - k**3/2 - 2*k**2 - 130*k. Let d be r(-1). What is the highest common divisor of 12 and d?
4
Suppose -2*r = -2*s + 4, r + 10 = 3*s - 0. Suppose 0 = 2*g + r*b - 44, -5*b + 59 = g + g. Let p = 331 - 212. Calculate the highest common divisor of g and p.
17
Let t = -39619 - -39675. Let d = 300 - -148. Calculate the greatest common factor of t and d.
56
Suppose -17*p = -p - 15273 - 21783. What is the greatest common divisor of p and 36?
12
Let q be 4 - (22/2 - (-6 - -5)). Let p(c) = c**2 + 9*c + 43. Let h be p(q). Calculate the highest common divisor of h and 15.
5
Suppose -55*w + 16 = -53*w. Let r be (-4)/(-6) - w/(-6). Let q be r/5 + 2 + 10/(-25). Calculate the greatest common factor of q and 10.
2
Suppose -259*v + 251*v = -3072. Calculate the highest common divisor of v and 40.
8
Suppose 71505 = 346*t - 104449 - 18314 + 19884. Let h = -127 - -183. What is the greatest common divisor of h and t?
56
Let p(w) be the third derivative of w**2 - 1/8*w**4 - 2/3*w**3 + 0*w + 0. Let t be p(-5). What is the greatest common divisor of 11 and t?
11
Let g = 11995 + -10135. What is the greatest common factor of 480 and g?
60
Suppose 13*t - 83 = -5. Suppose -1 = k, -2*v + t = 3*k - 29. Calculate the greatest common divisor of 76 and v.
19
Let z = 5 + 3. Let l = -3570 + 3572. Calculate the greatest common factor of l and z.
2
Suppose 3*f + 7 = 2*c, -4*c - 4*f + 35 = -9. Suppose 440 = -0*g + c*g. Calculate the highest common divisor of 22 and g.
11
Let t = 5507 - 5257. Calculate the greatest common factor of t and 5125.
125
Let h = 6998 - 6926. What is the highest common divisor of h and 882?
18
Let h be 1912/(-717)*429/(-4). Calculate the greatest common factor of h and 374.
22
Let o(d) = 169*d**3 + 12*d**2 - 21*d - 16. Let z be o(3). What is the highest common factor of z and 112?
112
Suppose 5*q = 48 - 198. Let l = q - -36. Suppose -2*c + 0*c - u + 34 = 0, 2*c - 42 = 3*u. What is the highest common divisor of l and c?
6
Let x(d) = d**3 + 16*d**2 + 48*d + 378. Let i be x(-14). Calculate the highest common factor of i and 168.
14
Suppose 6*q + 1377 = 3*t + 9*q, -3*q = -12. Let u be t/21 + (-4)/(-48)*4. What is the highest common factor of 231 and u?
11
Let i = -1155 + 1393. What is the highest common divisor of i and 646?
34
Suppose -2*b - 2 = 0, -96 = g - 2*b + 1230. Let f be g/(-56) + (-2)/(-7). Let y be (-18)/(-12)*f*2. What is the greatest common factor of 8 and y?
8
Let v = -128 - -129. Let c be 5 - (v - (17 - 3)). Calculate the greatest common divisor of c and 81.
9
Let z = -162 + 34. Let f = 41 - z. What is the greatest common factor of 13 and f?
13
Let m(h) = 8*h + 24 - 17 - 103 + 0*h. Let r be m(18). Calculate the highest common factor of 36 and r.
12
Suppose 5*w + 13 = -v, 3*v - 3*w - 8 = 7. Suppose v*q - 3*f = 41, 22 = -q + 2*q - 2*f. What is the highest common divisor of q and 656?
16
Suppose -62*w + 143975 = 40535 - 177420. Calculate the greatest common factor of w and 210.
30
Let y(z) = -36*z**2 + z. Let c be y(-1). Let x be (-800)/25*c/4. What is the highest common factor of x and 74?
74
Let z(p) = 5*p**3 - 3*p**2 - 12*p + 44. Let b be z(5). Calculate the highest common divisor of 445 and b.
89
Let o be (0 + 1)*(99/363 + (-19)/(-11)). Suppose -17 = l - 5. Let n = l - -18. Calculate the highest common divisor of n and o.
2
Let y(b) = -8*b**3 + 11*b**2 - 11*b + 33. Let t be y(-11). What is the greatest common divisor of 11 and t?
11
Let r be 1479/1972*80/3. Calculate the greatest common divisor of 24620 and r.
20
Let a be 0/(-2) - (-48 + 2). Let b be 101/((-3131)/(-93)) - (-571 + 1/(-1)). What is the highest common factor of a and b?
23
Suppose -91*a + 2*b + 170 = -86*a, -5*a = b - 185. Calculate the highest common factor of a and 1035.
9
Suppose -3*l + 5*y = -17484, 23295 = 116*l - 112*l - y. Calculate the greatest common divisor of 36 and l.
9
Let v be 2 - 963/6*-2. Suppose -91 = -2*y + v. What is the greatest common factor of 23 and y?
23
Let h(w) = w**3 - 8*w**2 - 20*w - 28. Suppose 27*q = 39*q - 132. Let i be h(q). Calculate the highest common factor of 69 and i.
23
Let y(u) = 7*u + 3*u**2 + 325 - 104 - 3*u**2 - 2*u**2. Let m be y(0). Calculate the highest common divisor of 17 and m.
17
Let r = -114 + 113. Let h(z) = -49*z**2. Let b be h(r). Let d = b - -57. What is the greatest common factor of 6 and d?
2
Suppose i - 3*q + 192 + 415 = 0, 2*i = 5*q - 1217. Let h be (-10)/45 - i/18. Calculate the highest common factor of 34 and h.
34
Suppose 66 = -9*m + 210. Suppose q - i = m + 6, -4*q + 70 = 5*i. Let w be ((-20)/(-3))/(1/9). What is the highest common divisor of q and w?
20
Let o = -715 + 739. What is the highest common divisor of o and 3272?
8
Suppose -4*u - 22 = -2*h, 27*h = 29*h - 3*u - 19. Let l be -4*(7 + (-55)/h). Calculate the greatest common factor of l and 944.
16
Suppose 0 = 6*d + 1634 - 500. Let b = d + 358. Let y = 241 - b. What is the greatest common factor of y and 9?
9
Suppose -17*t + 15881 + 38534 = -82146. Calculate the greatest common factor of t and 87.
29
Suppose 4*r - o = -4, 5*r + 2*o - 7*o = -20. Suppose 3*x - 132 = -5*l - 2, 5*x - 3*l - 194 = r. What is the highest common divisor of 140 and x?
20
Let f(z) = -8*z - 254. Let o be f(-32). What is the greatest common divisor of 89 and o?
1
Let v(c) = 5*c**2 - c - 8. Let h be v(2). What is the greatest common divisor of 1715 and h?
5
Suppose 0 = -12*c + 27*c. Suppose -45*f + 42*f + 72 = c. Calculate the greatest common factor of f and 24.
24
Let c(f) = 2*f**2 - 6*f - 5. Let v be c(5). Let b = v + 21. Let o = -177 - -204. Calculate the highest common divisor of b and o.
9
Suppose 23739 - 70951 = -148*c. Calculate the highest common factor of 44 and c.
11
Let d(t) = -13*t - 12. Suppose -5*h + h + 10 = 2*n, -4*n = 5*h - 35. Let w = -19 + n. Let c be d(w). Calculate the greatest common divisor of c and 80.
40
Let w(f) = f**3 + 8*f**2 + 6*f - 6. Let b be w(-6). Let s = 748437 + -747477. What is the highest common divisor of b and s?
30
Let g = -3616 + 3672. Calculate the highest common divisor of 168 and g.
56
Suppose 4 = g - 0*g. Suppose -47*k - 10*k - 68*k + 250 = 0. Suppose 4*i - g = 0, y + k*y + i = 145. Calculate the highest common divisor of 12 and y.
12
Let s = 167 + -116. Let l(b) = -5*b**3 - 23*b**2 - 14*b + 33. Let q be l(-5). What is the highest common divisor of s and q?
51
Let h be ((-2)/4)/((-1)/406). Let n = -17727 + 17756. Calculate the greatest common divisor of n and h.
29
Let d be 2/(-4) + (-3)/2. Let n be (-16 - 1)*1*d. Let u = -9691 - -9929. What is the greatest common factor of u and n?
34
Let w(o) = 9*o - 16. Let v be w(4). Suppose v = 3*r + 2*r + 5*g, 18 = 5*r + 3*g. Suppose r*s - 144 = -21. What is the greatest common factor of s and 369?
41
Let i be (-228)/8778 - 44356/(-154). Calculate the highest common factor of i and 486.
18
Suppose -20*h - 10 + 157 = -13. Calculate the greatest common factor of 28072 and h.
8
Let n = 39 + 19. Suppose -3*x = -5*a + 67 + n, 3*x = a - 109. Let y be (84/10)/((-14)/x). What is the greatest common divisor of y and 42?
21
Let i = -72 - -142. Let w be (0 + 2 + i)*1. What is the highest common divisor of w and 27?
9
Let g(o) = -5*o + 49. Let k be g(-26). Let r = k - -30. Calculate the highest common factor of r and 19.
19
Let u(c) = -2*c**3 - 42*c**2 + 54*c - 384. Let k be u(-23). Let o(r) = -r**3 + 6*r**2 - 7*r + 6. Let b be o(4). Calculate the highest common factor of b and k.
10
Let w(z) = -z**3 - 18*z**2 - 134*z - 1690. Let s be w(-17). What is the highest common factor of s and 2806?
23
Let v = 2384 + -2360. What is the highest common divisor of v and 3936?
24
Let m be 39/(-9) + (1 - (-25)/(-15)). Let g = m - -6. Let h be (-20 + g + 4)*3/(-3). What is the greatest common factor of h and 135?
15
Let s